{"id":89,"date":"2025-09-03T19:58:28","date_gmt":"2025-09-03T17:58:28","guid":{"rendered":"https:\/\/solidarische-gesundheit.org\/?page_id=89"},"modified":"2025-09-04T18:52:23","modified_gmt":"2025-09-04T16:52:23","slug":"2021-novellierung-des-khgg-nrw","status":"publish","type":"page","link":"https:\/\/solidarische-gesundheit.org\/?page_id=89","title":{"rendered":"2021 &#8211; Novellierung des KHGG NRW"},"content":{"rendered":"<p><strong>Drittes Gesetz zur \u00c4nderung des Krankenhausgestaltungsgesetzes des Landes Nordrhein-Westfalen<\/strong><\/p>\n<p>Am 17. M\u00e4rz 2021 wurde das Dritte Gesetz zur \u00c4nderung des Krankenhausgestaltungsgesetzes (KHGG NRW) des Landes Nordrhein-Westfalen vom 9. M\u00e4rz 2021 verk\u00fcndet. Das Gesetz setzt wesentliche Elemente des vom Ministerium f\u00fcr Arbeit, Gesundheit und Soziales (MAGS) in Auftrag gegebenen Gutachtens zur \u201eKrankenhauslandschaft Nordrhein-Westfalen\u201c von August 2019 um. Erkl\u00e4rtes Ziel des KHGG NRW<br \/>\n<strong>Ausrichtung an Leistungsbereichen und Leistungsgruppen<\/strong> <\/p>\n<p>Am 17. M\u00e4rz 2021 wurde das Dritte Gesetz zur \u00c4nderung des Krankenhausgestaltungsgesetzes (KHGG NRW) des Landes Nordrhein-Westfalen vom 9. M\u00e4rz 2021 verk\u00fcndet. Das Gesetz setzt wesentliche Elemente des vom Ministerium f\u00fcr Arbeit, Gesundheit und Soziales (MAGS) in Auftrag gegebenen Gutachtens zur \u201eKrankenhauslandschaft Nordrhein-Westfalen\u201c von August 2019 um. Erkl\u00e4rtes Ziel des KHGG NRW ist es, durch einen st\u00e4rkeren Leistungsbezug und eine verbesserte Leistungssteuerung eine \u00dcber- oder Unterversorgung zu reduzieren und die Versorgungsqualit\u00e4t insgesamt zu verbessern.<br \/>\nDie wichtigsten Neuerungen im Krankenhausgestaltungsgesetz NRW<\/p>\n<p>Mit der Novellierung folgt das Ministerium und die Mehrheit des parlamentarischen Ausschusses der Empfehlung eines <a href=\"https:\/\/broschuerenservice.nrw.de\/mags\/shop\/gutachten-krankenhauslandschaft-nordrhein-westfalen-kurzfassung|736\" target=\"_blank\">Gutachtens<\/a>, das 2019 von der  im Auftrag der des Ministeriums erstellt wurde. In Zukunft soll die Krankenhausplanung zuk\u00fcnftig <strong>nicht mehr an der Bettenzahl<\/strong>, sondern an sogenannten Leistungsbereichen und <strong>Leistungsgruppen<\/strong>, die sich im Wesentlichen an den Fachgebieten der \u00e4rztlichen Weiterbildungsordnung orientieren, ausgerichtet werden. Dabei sollen die Leistungsgruppen zus\u00e4tzlich an Qualit\u00e4tskriterien, etwa des Gemeinsamen Bundesausschusses, gekoppelt werden. Die Leistungsgruppen bilden im Rahmen der neuen Planungssystematik das zentrale Steuerungselement; sie werden zuk\u00fcnftig im Feststellungsbescheid ausgewiesen und damit ma\u00dfgeblich f\u00fcr den konkreten Versorgungsauftrag des Krankenhauses sein.<\/p>\n","protected":false},"excerpt":{"rendered":"<p>Drittes Gesetz zur \u00c4nderung des Krankenhausgestaltungsgesetzes des Landes Nordrhein-Westfalen Am 17. M\u00e4rz 2021 wurde das Dritte Gesetz zur \u00c4nderung des Krankenhausgestaltungsgesetzes (KHGG NRW) des Landes Nordrhein-Westfalen vom 9. M\u00e4rz 2021 verk\u00fcndet. Das Gesetz setzt wesentliche Elemente des vom Ministerium f\u00fcr Arbeit, Gesundheit und Soziales (MAGS) in Auftrag gegebenen Gutachtens zur \u201eKrankenhauslandschaft Nordrhein-Westfalen\u201c von August 2019 [&hellip;]<\/p>\n","protected":false},"author":1,"featured_media":0,"parent":84,"menu_order":0,"comment_status":"closed","ping_status":"closed","template":"","meta":{"footnotes":""},"class_list":["post-89","page","type-page","status-publish","hentry"],"_links":{"self":[{"href":"https:\/\/solidarische-gesundheit.org\/index.php?rest_route=\/wp\/v2\/pages\/89","targetHints":{"allow":["GET"]}}],"collection":[{"href":"https:\/\/solidarische-gesundheit.org\/index.php?rest_route=\/wp\/v2\/pages"}],"about":[{"href":"https:\/\/solidarische-gesundheit.org\/index.php?rest_route=\/wp\/v2\/types\/page"}],"author":[{"embeddable":true,"href":"https:\/\/solidarische-gesundheit.org\/index.php?rest_route=\/wp\/v2\/users\/1"}],"replies":[{"embeddable":true,"href":"https:\/\/solidarische-gesundheit.org\/index.php?rest_route=%2Fwp%2Fv2%2Fcomments&post=89"}],"version-history":[{"count":3,"href":"https:\/\/solidarische-gesundheit.org\/index.php?rest_route=\/wp\/v2\/pages\/89\/revisions"}],"predecessor-version":[{"id":102,"href":"https:\/\/solidarische-gesundheit.org\/index.php?rest_route=\/wp\/v2\/pages\/89\/revisions\/102"}],"up":[{"embeddable":true,"href":"https:\/\/solidarische-gesundheit.org\/index.php?rest_route=\/wp\/v2\/pages\/84"}],"wp:attachment":[{"href":"https:\/\/solidarische-gesundheit.org\/index.php?rest_route=%2Fwp%2Fv2%2Fmedia&parent=89"}],"curies":[{"name":"wp","href":"https:\/\/api.w.org\/{rel}","templated":true}]}}