{"id":80,"date":"2025-09-03T19:28:55","date_gmt":"2025-09-03T17:28:55","guid":{"rendered":"https:\/\/solidarische-gesundheit.org\/?page_id=80"},"modified":"2025-09-03T19:31:25","modified_gmt":"2025-09-03T17:31:25","slug":"das-khvvg-krankenhausversorgungsverbesserungsgesetz-2024","status":"publish","type":"page","link":"https:\/\/solidarische-gesundheit.org\/?page_id=80","title":{"rendered":"Das KHVVG &#8211;  2024"},"content":{"rendered":"<p><strong>Das Krankenhausversorgungsverbesserungsgesetz<\/strong><br \/>\nAuf Vorschlag des Bundesgesundheitsministeriums trat am 12. Dezember 2024 das KHVVG in Kraft.<br \/>\nDiese umfassende Reform des station\u00e4ren Gesundheitsversorgung wurde vom Gesetzgeber so begr\u00fcndet:<br \/>\n&#8222;Mit der Krankenhausreform werden daher drei zentrale Ziele verfolgt: Sicherung und Stei-<br \/>\ngerung der Behandlungsqualit\u00e4t, Gew\u00e4hrleistung einer fl\u00e4chendeckenden medizinischen<br \/>\nVersorgung f\u00fcr Patientinnen und Patienten sowie Entb\u00fcrokratisierung.&#8220;<\/p>\n<p>Das Dokument kann im Wortlaut eingesehen:<br \/>\n<a href=\"https:\/\/www.recht.bund.de\/bgbl\/1\/2024\/400\/VO.html\" target=\"_blank\">KHVVG 2024 im Wortlaut<\/a><br \/>\nbzw. heruntergeladen werden:<br \/>\n<a href=\"https:\/\/www.bundesgesundheitsministerium.de\/fileadmin\/Dateien\/3_Downloads\/Gesetze_und_Verordnungen\/GuV\/K\/KHVVG_RefE.pdf\" target=\"_blank\">Zum Download<\/a><\/p>\n","protected":false},"excerpt":{"rendered":"<p>Das Krankenhausversorgungsverbesserungsgesetz Auf Vorschlag des Bundesgesundheitsministeriums trat am 12. Dezember 2024 das KHVVG in Kraft. Diese umfassende Reform des station\u00e4ren Gesundheitsversorgung wurde vom Gesetzgeber so begr\u00fcndet: &#8222;Mit der Krankenhausreform werden daher drei zentrale Ziele verfolgt: Sicherung und Stei- gerung der Behandlungsqualit\u00e4t, Gew\u00e4hrleistung einer fl\u00e4chendeckenden medizinischen Versorgung f\u00fcr Patientinnen und Patienten sowie Entb\u00fcrokratisierung.&#8220; Das Dokument kann [&hellip;]<\/p>\n","protected":false},"author":1,"featured_media":0,"parent":44,"menu_order":0,"comment_status":"closed","ping_status":"closed","template":"","meta":{"footnotes":""},"class_list":["post-80","page","type-page","status-publish","hentry"],"_links":{"self":[{"href":"https:\/\/solidarische-gesundheit.org\/index.php?rest_route=\/wp\/v2\/pages\/80","targetHints":{"allow":["GET"]}}],"collection":[{"href":"https:\/\/solidarische-gesundheit.org\/index.php?rest_route=\/wp\/v2\/pages"}],"about":[{"href":"https:\/\/solidarische-gesundheit.org\/index.php?rest_route=\/wp\/v2\/types\/page"}],"author":[{"embeddable":true,"href":"https:\/\/solidarische-gesundheit.org\/index.php?rest_route=\/wp\/v2\/users\/1"}],"replies":[{"embeddable":true,"href":"https:\/\/solidarische-gesundheit.org\/index.php?rest_route=%2Fwp%2Fv2%2Fcomments&post=80"}],"version-history":[{"count":3,"href":"https:\/\/solidarische-gesundheit.org\/index.php?rest_route=\/wp\/v2\/pages\/80\/revisions"}],"predecessor-version":[{"id":83,"href":"https:\/\/solidarische-gesundheit.org\/index.php?rest_route=\/wp\/v2\/pages\/80\/revisions\/83"}],"up":[{"embeddable":true,"href":"https:\/\/solidarische-gesundheit.org\/index.php?rest_route=\/wp\/v2\/pages\/44"}],"wp:attachment":[{"href":"https:\/\/solidarische-gesundheit.org\/index.php?rest_route=%2Fwp%2Fv2%2Fmedia&parent=80"}],"curies":[{"name":"wp","href":"https:\/\/api.w.org\/{rel}","templated":true}]}}