{"id":66,"date":"2025-05-08T11:16:10","date_gmt":"2025-05-08T09:16:10","guid":{"rendered":"https:\/\/solidarische-gesundheit.org\/?page_id=66"},"modified":"2025-05-08T11:16:41","modified_gmt":"2025-05-08T09:16:41","slug":"66-2","status":"publish","type":"page","link":"https:\/\/solidarische-gesundheit.org\/?page_id=66","title":{"rendered":"Ministerium f\u00fcr Arbeit. Gesundheit und Soziales (MAGS) NRW"},"content":{"rendered":"<p>Gesundheitspolitik ist L\u00e4ndersache.<\/p>\n<p>In Nordrhein-Westfalen ist das Ministerium f\u00fcr Arbeit. Gesundheit und Soziales (MAGS) zust\u00e4ndig. Der amtierende Minister ist Karl-Josef Laumann (CDU)<\/p>\n<p><a href=\"https:\/\/www.mags.nrw\/\" target=\"_blank\" rel=\"noopener\">MAGS -NRW<\/a><\/p>\n","protected":false},"excerpt":{"rendered":"<p>Gesundheitspolitik ist L\u00e4ndersache. In Nordrhein-Westfalen ist das Ministerium f\u00fcr Arbeit. Gesundheit und Soziales (MAGS) zust\u00e4ndig. Der amtierende Minister ist Karl-Josef Laumann (CDU) MAGS -NRW<\/p>\n","protected":false},"author":1,"featured_media":0,"parent":46,"menu_order":0,"comment_status":"closed","ping_status":"closed","template":"","meta":{"footnotes":""},"class_list":["post-66","page","type-page","status-publish","hentry"],"_links":{"self":[{"href":"https:\/\/solidarische-gesundheit.org\/index.php?rest_route=\/wp\/v2\/pages\/66","targetHints":{"allow":["GET"]}}],"collection":[{"href":"https:\/\/solidarische-gesundheit.org\/index.php?rest_route=\/wp\/v2\/pages"}],"about":[{"href":"https:\/\/solidarische-gesundheit.org\/index.php?rest_route=\/wp\/v2\/types\/page"}],"author":[{"embeddable":true,"href":"https:\/\/solidarische-gesundheit.org\/index.php?rest_route=\/wp\/v2\/users\/1"}],"replies":[{"embeddable":true,"href":"https:\/\/solidarische-gesundheit.org\/index.php?rest_route=%2Fwp%2Fv2%2Fcomments&post=66"}],"version-history":[{"count":3,"href":"https:\/\/solidarische-gesundheit.org\/index.php?rest_route=\/wp\/v2\/pages\/66\/revisions"}],"predecessor-version":[{"id":69,"href":"https:\/\/solidarische-gesundheit.org\/index.php?rest_route=\/wp\/v2\/pages\/66\/revisions\/69"}],"up":[{"embeddable":true,"href":"https:\/\/solidarische-gesundheit.org\/index.php?rest_route=\/wp\/v2\/pages\/46"}],"wp:attachment":[{"href":"https:\/\/solidarische-gesundheit.org\/index.php?rest_route=%2Fwp%2Fv2%2Fmedia&parent=66"}],"curies":[{"name":"wp","href":"https:\/\/api.w.org\/{rel}","templated":true}]}}

Ministerium für Arbeit. Gesundheit und Soziales (MAGS) NRW

<p>Gesundheitspolitik ist Ländersache.</p>
<p>In Nordrhein-Westfalen ist das Ministerium für Arbeit. Gesundheit und Soziales (MAGS) zuständig. Der amtierende Minister ist Karl-Josef Laumann (CDU)</p>
<p><a href="https://www.mags.nrw/" target="_blank" rel="noopener">MAGS -NRW</a></p>

<p>Gesundheitspolitik ist Ländersache. In Nordrhein-Westfalen ist das Ministerium für Arbeit. Gesundheit und Soziales (MAGS) zuständig. Der amtierende Minister ist Karl-Josef Laumann (CDU) MAGS -NRW</p>
