{"id":63,"date":"2025-05-08T11:11:00","date_gmt":"2025-05-08T09:11:00","guid":{"rendered":"https:\/\/solidarische-gesundheit.org\/?page_id=63"},"modified":"2025-05-08T11:16:57","modified_gmt":"2025-05-08T09:16:57","slug":"smc-krankenhausplanung-nordrhein-westfalen","status":"publish","type":"page","link":"https:\/\/solidarische-gesundheit.org\/?page_id=63","title":{"rendered":"SMC Krankenhausplanung Nordrhein-Westfalen"},"content":{"rendered":"<div class=\"box-header\">\n<h3 class=\"box-title\">\u00dcber das Dashboard<\/h3>\n<\/div>\n<div class=\"box-body\">\n<p>Dieses Dashboard visualisiert die Entscheidung des Landes NRW vom 16.12.2024 zur Verteilung der neuen Leistungsgruppen (LG) im Zuge der geplanten Krankenhausreform. Als Vergleichsmaterial sind die vorl\u00e4ufigen Entscheidungen aus dem ersten und zweiten Anh\u00f6rungsverfahren integriert. Nutzen Sie das Tool gern f\u00fcr Ihre Recherchen.<\/p>\n<p>Die vorl\u00e4ufigen Entscheidungen des Landes wurden in den Anh\u00f6rungsrunden zwischen NRW-Gesundheitsministerium, Kliniken und Krankenkassen, bekanntgegeben. Die jetzt ver\u00f6ffentlichten Daten ber\u00fccksichtigen die vom Ministerium als berechtigt angesehenen Einspr\u00fcche der Kliniken und anderer Akteure. Ab dem 01. April 2025 gelten die neuen Leistungsgruppen; bei einigen speziellen Leistungsgruppen gilt eine \u00dcbergangsfrist bis Ende 2025.<\/p>\n<p>Die Planungsergebnisse des Landes zu allen Kliniken und Leistungsgruppen k\u00f6nnen Sie \u00fcber unsere interaktive Karte, \u00fcber unsere Tabelle und \u00fcber unseren Klinikvergleich einsehen. Zum Vergleich sind auch die Ergebnisse der beiden Anh\u00f6rungsrunden dargestellt.<\/p>\n<\/div>\n<p>Die Science Media Center Germany gGmbH (SMC) liefert Journalisten schnellen Zugang zu Stellungnahmen und Bewertungen von Experten aus der Wissenschaft \u2013 vor allem dann, wenn neuartige, ambivalente oder umstrittene Erkenntnisse aus der Wissenschaft Schlagzeilen machen oder wissenschaftliches Wissen helfen kann, aktuelle Ereignisse einzuordnen. Die Gr\u00fcndung geht auf eine Initiative der Wissenschafts-Pressekonferenz e.V. zur\u00fcck und wurde m\u00f6glich durch eine F\u00f6rderzusage der Klaus Tschira Stiftung.<\/p>\n<p><a href=\"https:\/\/krankenhausplanung-nrw.smc.report\/\" target=\"_blank\" rel=\"noopener\">Zur Webseite<\/a><\/p>\n","protected":false},"excerpt":{"rendered":"<p>\u00dcber das Dashboard Dieses Dashboard visualisiert die Entscheidung des Landes NRW vom 16.12.2024 zur Verteilung der neuen Leistungsgruppen (LG) im Zuge der geplanten Krankenhausreform. Als Vergleichsmaterial sind die vorl\u00e4ufigen Entscheidungen aus dem ersten und zweiten Anh\u00f6rungsverfahren integriert. Nutzen Sie das Tool gern f\u00fcr Ihre Recherchen. Die vorl\u00e4ufigen Entscheidungen des Landes wurden in den Anh\u00f6rungsrunden zwischen [&hellip;]<\/p>\n","protected":false},"author":1,"featured_media":0,"parent":46,"menu_order":1,"comment_status":"closed","ping_status":"closed","template":"","meta":{"footnotes":""},"class_list":["post-63","page","type-page","status-publish","hentry"],"_links":{"self":[{"href":"https:\/\/solidarische-gesundheit.org\/index.php?rest_route=\/wp\/v2\/pages\/63","targetHints":{"allow":["GET"]}}],"collection":[{"href":"https:\/\/solidarische-gesundheit.org\/index.php?rest_route=\/wp\/v2\/pages"}],"about":[{"href":"https:\/\/solidarische-gesundheit.org\/index.php?rest_route=\/wp\/v2\/types\/page"}],"author":[{"embeddable":true,"href":"https:\/\/solidarische-gesundheit.org\/index.php?rest_route=\/wp\/v2\/users\/1"}],"replies":[{"embeddable":true,"href":"https:\/\/solidarische-gesundheit.org\/index.php?rest_route=%2Fwp%2Fv2%2Fcomments&post=63"}],"version-history":[{"count":2,"href":"https:\/\/solidarische-gesundheit.org\/index.php?rest_route=\/wp\/v2\/pages\/63\/revisions"}],"predecessor-version":[{"id":65,"href":"https:\/\/solidarische-gesundheit.org\/index.php?rest_route=\/wp\/v2\/pages\/63\/revisions\/65"}],"up":[{"embeddable":true,"href":"https:\/\/solidarische-gesundheit.org\/index.php?rest_route=\/wp\/v2\/pages\/46"}],"wp:attachment":[{"href":"https:\/\/solidarische-gesundheit.org\/index.php?rest_route=%2Fwp%2Fv2%2Fmedia&parent=63"}],"curies":[{"name":"wp","href":"https:\/\/api.w.org\/{rel}","templated":true}]}}